osite?
True
Is 1439468311 prime?
False
Is 1677109451 a composite number?
False
Is 15594270647 a prime number?
True
Is 185408915053 prime?
True
Is 242008183 a prime number?
True
Is 1121497051 a composite number?
False
Is 13969484031 a prime number?
False
Is 520400417 prime?
True
Is 2590888661 a prime number?
False
Is 18133451 prime?
False
Is 14149267667 a prime number?
True
Is 146521682549 composite?
True
Is 9800261963 composite?
False
Is 36918424619 a composite number?
False
Is 7369747633 a prime number?
True
Is 330729757 prime?
False
Is 12393068789 prime?
False
Is 11009043841 a prime number?
True
Is 10088135309 a prime number?
False
Is 221761333 prime?
False
Is 583201441 a composite number?
False
Is 11078053583 prime?
False
Is 209549148101 composite?
True
Is 6182698141 a prime number?
True
Is 1012084841 prime?
False
Is 5187854951 a composite number?
True
Is 1028100629 a prime number?
True
Is 174350083 a prime number?
True
Is 3877643761 composite?
True
Is 1224947573 a composite number?
False
Is 2080003223 a prime number?
False
Is 6702117251 prime?
True
Is 256306937 composite?
False
Is 238095586403 composite?
False
Is 8937504227 a prime number?
True
Is 9141284101 prime?
True
Is 1548288857 a composite number?
False
Is 16684353493 prime?
True
Is 32208874771 a composite number?
False
Is 523256879 prime?
True
Is 2841355641 composite?
True
Is 12830458309 a composite number?
False
Is 1716134083 a composite number?
False
Is 100625023502 prime?
False
Is 15773344177 composite?
False
Is 5932220953 composite?
False
Is 637688369 a composite number?
True
Is 439191113 a composite number?
False
Is 37113518903 composite?
True
Is 55104823063 a composite number?
False
Is 30951469741 a prime number?
True
Is 40549941371 prime?
True
Is 2850981629 a prime number?
False
Is 9014080091 a prime number?
True
Is 76247173 composite?
True
Is 326987003 prime?
False
Is 703501103 prime?
True
Is 5908367653 a prime number?
False
Is 394736207 a composite number?
True
Is 9141126037 a composite number?
False
Is 360375019 prime?
True
Is 1670352799 composite?
True
Is 28940507 prime?
True
Is 1919908321 a composite number?
True
Is 5296937117 a composite number?
False
Is 48199023163 a prime number?
True
Is 27314045051 a prime number?
True
Is 3688808545 composite?
True
Is 40013999345 a prime number?
False
Is 16091873693 a prime number?
False
Is 61994178583 prime?
False
Is 1317407045 prime?
False
Is 7298578769 a composite number?
False
Is 210667201 a composite number?
True
Is 778737161 a composite number?
False
Is 135732858979 prime?
True
Is 5413471303 composite?
True
Is 13488103019 a prime number?
True
Is 367984768211 a composite number?
False
Is 809804635 composite?
True
Is 2720314217 prime?
False
Is 897109181 a prime number?
False
Is 953376209 a prime number?
False
Is 22968947 composite?
True
Is 1772845801 composite?
False
Is 80983451 prime?
True
Is 2860364833 prime?
False
Is 2353778033 a composite number?
True
Is 9676557841 prime?
False
Is 13466377 a prime number?
False
Is 1882609759 composite?
False
Is 61747987511 a composite number?
True
Is 157299661739 a composite number?
True
Is 26195816681 a composite number?
True
Is 209412961 composite?
True
Is 3460063031 composite?
True
Is 2217984577 a prime number?
False
Is 3043023773 composite?
False
Is 9678372461 a composite number?
False
Is 4124246369 a prime number?
True
Is 503365301 a composite number?
True
Is 2874180719 a composite number?
False
Is 891295391 composite?
True
Is 6856191337 prime?
True
Is 7585006883 a composite number?
False
Is 172952461 prime?
False
Is 76823753 prime?
False
Is 1177932467 composite?
True
Is 84182717 prime?
False
Is 726208814 composite?
True
Is 10216341521 a prime number?
True
Is 94257997051 a prime number?
True
Is 215496691 a composite number?
False
Is 6870095963 a prime number?
False
Is 6791252635 a prime number?
False
Is 81875955065 composite?
True
Is 291967579819 a prime number?
True
Is 503846923 composite?
False
Is 1909643909 prime?
False
Is 5006156983 a composite number?
False
Is 8021280871 a composite number?
True
Is 196240337 a prime number?
True
Is 7536863689 a prime number?
False
Is 331122409 a prime number?
True
Is 7670336351 prime?
False
Is 86551743409 a composite number?
False
Is 1340421779 prime?
True
Is 14478654599 a prime number?
True
Is 5263666601 prime?
False
Is 7536714707 a prime number?
False
Is 120595157 a prime number?
True
Is 115741271 a prime number?
True
Is 53369467453 a prime number?
True
Is 3059907901 a composite number?
True
Is 2807813219 composite?
True
Is 106592054801 a prime number?
True
Is 89992529219 a prime number?
True
Is 1128442301 composite?
True
Is 40940899 a composite number?
True
Is 72088519721 a prime number?
False
Is 2806849457 a composite number?
True
Is 8229376619 a prime number?
True
Is 3813742409 composite?
False
Is 1419896477 a prime number?
False
Is 266024431 composite?
False
Is 119728459 prime?
True
Is 90975764885 a prime number?
False
Is 681170377 a composite number?
False
Is 18567200417 a composite number?
False
Is 1311948931 prime?
True
Is 444746509 composite?
True
Is 606294661 prime?
False
Is 23823384187 a prime number?
True
Is 31405013 a composite number?
True
Is 1895391907 composite?
True
Is 1317836407 prime?
False
Is 610026281 a composite number?
True
Is 2599959127 composite?
True
Is 12276003477 a prime number?
False
Is 22845551429 a composite number?
True
Is 823368683 composite?
True
Is 705592831 a prime number?
True
Is 2834025757 prime?
True
Is 3346061 a prime number?
True
Is 13679330629 prime?
True
Is 13062495137 prime?
True
Is 12234133851 composite?
True
Is 1510183481 prime?
True
Is 40827169 prime?
False
Is 203343823523 composite?
False
Is 1857419009 prime?
True
Is 2353650521 prime?
True
Is 183596671 composite?
False
Is 34565535877 a composite number?
True
Is 26444391331 composite?
False
Is 1133656561 a prime number?
True
Is 107300329 composite?
False
Is 606442883 composite?
True
Is 26504864753 a composite number?
False
Is 15602837 a composite number?
True
Is 43546495579 composite?
False
Is 1198289621 prime?
True
Is 8437160873 a composite number?
True
Is 2812899343 composite?
False
Is 6406780483 composite?
True
Is 2516852437 prime?
False
Is 4485351433 a prime number?
True
Is 56136497503 a composite number?
False
Is 233915083 a composite number?
True
Is 5799955151 a prime number?
True
Is 48558375661 composite?
False
Is 167906209 a composite number?
False
Is 103286585289 composite?
True
Is 11984897 a composite number?
True
Is 389905549 composite?
True
Is 5588239039 composite?
False
Is 239748667 a composite number?
False
Is 19057794533 a composite number?
False
Is 545459549 prime?
True
Is 115667571253 composite?
True
Is 11897196319 a composite number?
False
Is 9646639529 a composite number?
False
Is 2644876177 composite?
False
Is 40961566871 composite?
False
Is 301649365 a composite number?
True
Is 1023039499 a prime number?
True
Is 137248958747 a prime number?
True
Is 78827274685 prime?
False
Is 66517517117 composite?
True
Is 29575291309 prime?
True
Is 58358997457 a prime number?
True
Is 101764141301 prime?
True
Is 653942959 composite?
False
Is 174468169 a prime number?
True
Is 24036003071 prime?
True
Is 6209690153 composite?
False
Is 1167770003 composite?
False
Is 2872599173 prime?
False
Is 305774071873 a prime number?
True
Is 3587904641 a composite number?
True
Is 4290775873 composite?
True
Is 63627465007 a composite number?
False
Is 22608728921 prime?
True
Is 535531687 composite?
True
Is 31322111 a prime number?
True
Is 14459698691 prime?
True
Is 20068393031 a composite number?
True
Is 528406639 a composite number?
False
Is 2705547193 a composite number?
True
Is 93948247 prime?
False
Is 8160673207 composite?
False
Is 1702867267 a composite number?
True
Is 9618499117 prime?
True
Is 2281425943 prime?
False
Is 3157256087 composite?
True
Is 114038099863 a composite number?
False
Is 24514202894 a prime number?
False
Is 28033992821 a composite number?
False
Is 42645589 a prime number?
False
Is 63647402549 composite?
True
Is 29185186369 a prime number?
True
Is 27444859217 a prime number?
True
Is 125950471 a composite number?
False
Is 1438102063 composite?
True
Is 1876398781 a prime number?
True
Is 5642071009 a composite number?
False
Is 25674864073 a